6 = 0. What is the tens digit of d?
1
Let q = -45 - -50. Suppose -3*x + 37 = 3*w - 581, 4*x - 828 = -q*w. What is the tens digit of x?
0
Suppose 0*c - 15 = 5*c, -2*a + 70 = 4*c. Suppose 42*w - 2 = a*w. Let u(m) = 14*m**3 - 3*m**2 + m + 2. What is the tens digit of u(w)?
0
Suppose 5886 = 2*r + 2*z, -5195 - 693 = -2*r - 4*z. Let u = r - 1764. What is the units digit of u?
8
Suppose -13*p + h = -18*p - 25, 0 = 2*p - h + 3. What is the hundreds digit of 200/(-75)*282/p?
1
Suppose 5*v - 10008 = -36558. Let g be 0 - 1/(-4) - v/8. Suppose k - 9*k = -g. What is the tens digit of k?
8
What is the tens digit of (-14 - (-46)/4)/((-1)/1514)?
8
Let d be 5/((-25)/195) + (4 - 1). Let c be (-9)/(d/(-88)) + 4. Let t = 68 - c. What is the units digit of t?
6
Let o(x) = x**2 + 21*x - 40. Let a be o(-23). Suppose 118 = 2*v + w, v = a*w - 3*w + 59. Suppose 5*j + v = 4*i, 4*i - 3*i - 15 = j. What is the tens digit of i?
1
Let x(h) = 2*h**2 - 144*h - 19. What is the units digit of x(-27)?
7
Let r be (-32)/18 - (5 + (-129)/27). Let j be ((-52)/(-39))/((r/9)/2). What is the units digit of (-357)/j + 0 - 6/8?
9
Let j(o) = o**3 - 6*o**2 - 9*o + 2. Suppose 3*q + 4 = -w - 99, w - 3*q = -73. Let g be (7 - w/(-12))*(1 - 25). What is the tens digit of j(g)?
5
Suppose -4*i + 86 = -5*a, 0 = -63*i + 61*i + 2*a + 40. What is the tens digit of i?
1
Suppose 11*i + 33 = -121. Let n(a) = 2*a**2 - 44*a - 33. What is the units digit of n(i)?
5
Suppose 4*g = 199*r - 201*r + 6966, -3455 = -2*g - 5*r. What is the hundreds digit of g?
7
Let t = -175 - -179. Suppose -3*n + 5*y + 1116 = 2*y, -t*n - 5*y + 1461 = 0. What is the tens digit of n?
6
Suppose 0 = -139*p + 541427 - 24764. What is the units digit of p?
7
Let u = 4768 + -1103. What is the tens digit of u?
6
Suppose -3*z - i = -168804, i + 117831 + 50961 = 3*z. What is the thousands digit of z?
6
Suppose -13*y + 5689 = -62363 - 54668. What is the units digit of y?
0
Let k = 88045 + -55370. What is the thousands digit of k?
2
Suppose -4*a = 5*m - 172, -5*m - a = -3*a - 184. Let l be (-5 - (-6 + 3))*469/(-14). Let u = l - m. What is the tens digit of u?
3
Suppose 4*y - 83852 = -5*d, d - 16776 = 2*y - 0*y. What is the tens digit of d?
7
Let p(v) = -24*v - 32. Let z be p(-16). Suppose 2*i - z = -104. Suppose -i = -15*r + 14*r. What is the tens digit of r?
2
Suppose 3*s - 5699 = 11815. What is the units digit of s/4*(90/(-27))/(-5)?
3
Let y(d) = -87*d - 84. Suppose 8*m - 2*q = 4*m - 12, 2*m = -4*q - 26. What is the hundreds digit of y(m)?
3
Let p be -7 - 6*28/(-21). What is the tens digit of 8 + 48268/77 + p/7?
3
Let k(a) = -2*a**2 + 0*a + 1 + 0*a + 126*a**3. Let w be (-9)/36*(-4)/1. What is the tens digit of k(w)?
2
What is the tens digit of 7973 + ((-4)/(-14) - 3872/616)?
6
Suppose -12 + 42 = 5*h. Suppose -h*u + 8 = -2*u. Suppose -21 - 17 = -u*s. What is the units digit of s?
9
Suppose -1804 - 3252 = -8*d. Let x = 1063 - d. What is the tens digit of x?
3
Let k be (16/(-28))/((-6)/(-21)). What is the hundreds digit of (k - 7/((-21)/15)) + 674?
6
Let r be ((-240)/(-9))/((-100)/15 + 7). What is the units digit of r/(-3)*(-912)/40?
8
What is the units digit of (145/15 + -3)/((-3)/(-1377))?
0
Let c(f) = 5*f**2 - 15*f - 54. What is the tens digit of c(35)?
4
Let w(h) = 141*h + 1329. What is the units digit of w(34)?
3
Let i(x) = -51*x**3 - 2*x**2 + 30*x + 12. Let g be i(-6). Suppose -g = -21*m + 11610. What is the hundreds digit of m?
0
Let l = 173 + -118. Suppose -l*i = -50*i - 20. Suppose 3*z = -2*q + 237, -z - i*q - 174 = -3*z. What is the units digit of z?
1
Let q = -5381 - -36222. What is the ten thousands digit of q?
3
Suppose 9*d - 5*d = -36. Let u(r) = -2*r - 11. Let p be u(d). What is the tens digit of 20880/420 + (-1 - (-9)/p)?
5
Let v = -202 - -206. Suppose -3*g - 538 = -c, -25*g - 2174 = -v*c - 24*g. What is the tens digit of c?
4
Let h(t) = -32*t - 73. Let w be h(-7). Suppose -468 = 2*g + 2*a, -838 = 3*g - 2*a - w. Let s = 386 + g. What is the tens digit of s?
5
Let r(t) = -2*t**3 - 68*t**2 - 37*t - 304. What is the units digit of r(-34)?
4
Let p(c) = -7*c**2 + 2*c - 45. Let h(r) = 4*r**2 - r + 22. Let f(z) = -5*h(z) - 3*p(z). Let y be f(-6). Let t = y - -50. What is the tens digit of t?
1
Let z be 963 + -9 + (8 - 8). Suppose v - 999 = z. What is the thousands digit of v?
1
What is the units digit of ((-4003640)/(-707))/(4/14 - 0)?
0
Let h(p) = -p**3 + p**2 + 12*p + 6. Let t be h(5). Let k = 40 + t. Let f(o) = -o**3 + 10*o**2 - 10*o + 15. What is the units digit of f(k)?
9
Let l(g) = 14*g - 200. Let j be l(16). Suppose 0 = j*x - 259 - 557. What is the tens digit of x?
3
Let k(b) = 7*b**2 + 9*b - 19. Let i be (-14 + 3 + -1)/(2*-1). What is the tens digit of k(i)?
8
Let b(c) = -c**3 + 90*c**2 - 117*c + 74. What is the thousands digit of b(87)?
2
Suppose -h = -3*f + 548, 3*f + 3*h - 323 - 217 = 0. Suppose -f*r + 176*r + 1602 = 0. What is the units digit of r?
7
Suppose 9*y - 446 = 1309. Suppose 4*s = 6*s - 5*l - y, 4*s - 4*l = 408. Let k = -47 + s. What is the tens digit of k?
5
What is the hundreds digit of 0 - (38 - 10898)*(-3)/(9/(-2))?
2
Let q = 2539 - 1484. Suppose 260 = -3*m + q. What is the hundreds digit of m?
2
Let r be -2*(-1246)/5 + 6/(-15). Suppose 0 = 133*y - 127*y - r. What is the tens digit of y?
8
Suppose -4*o - 160 - 28 = -4*d, 190 = 4*d - 2*o. Suppose 0 = -12*j + 4*j - d. What is the tens digit of (-1749)/22*(4/j)/1?
5
Let i be 10/(-25) + 12/5. Let l(p) = -3*p - 5*p - 2*p**i + 3*p**2 + 2*p - 5. What is the tens digit of l(-5)?
5
Suppose -3*g - 4 = 4*b, -3*b - 1 = 3*g + 2. Let m = b - -4. Suppose 0 = m*s - 56 + 38. What is the units digit of s?
6
Suppose 0 = -4*r - 3*a + 6 - 3, 3*r - 15 = 2*a. Suppose 2*w - 6*w + 3*g + r = 0, -3*w = 5*g - 24. What is the tens digit of (2 - 1)*0 + 19 - w?
1
Let q(a) = 42*a**2 - 57*a - 183. Let z be q(-3). Let p = z + 179. What is the hundreds digit of p?
5
Suppose 94*i - 43670 - 405301 = 117943. What is the thousands digit of i?
6
Let b = 83498 - 27949. What is the hundreds digit of b?
5
Let n be ((-2876)/20)/(2 - (-11)/(-5)). Let k = -292 + n. What is the hundreds digit of k?
4
What is the hundreds digit of ((-35)/(-20))/(15/4920)?
5
Let t be (-324)/(-78) + 3*4/(-78). Suppose 0*f + 5*n + 1640 = t*f, 2*f = 2*n + 818. Suppose -d = -10*d + f. What is the tens digit of d?
4
Suppose 6422 + 11608 = 6*t. Suppose 14*y = 2035 + t. What is the tens digit of y?
6
Let l(g) = g**3 - 6*g**2 + 6*g - 2. Let i be l(7). Suppose i = t - 48. What is the hundreds digit of t?
1
Let b = -3297 - -8894. What is the units digit of b?
7
Let s(o) = -5*o**2 + 27*o - 67. Let v be s(18). Let x = 2000 + v. What is the hundreds digit of x?
7
Let q = -66661 + 117558. What is the tens digit of q?
9
Suppose -16*t + 0*t + 4682240 = 102*t. What is the thousands digit of t?
9
Let v = -98 - -145. Let p = v + -44. What is the units digit of -2 + 9 - -2 - p?
6
Suppose 12*v + 221 = 917. Let y = 391 - v. What is the units digit of y?
3
What is the units digit of 126368/(-528)*2*-66?
2
Let l(a) = 37*a**2 + 4*a + 137. What is the tens digit of l(-12)?
1
Suppose -2*o = -j + 64, -2*j - o = -22 - 86. Let v(f) = -10*f - 188. Let m be v(-19). Suppose m*z = -6, -t + j + 12 = 3*z. What is the tens digit of t?
7
Let q(d) = 67 + 24*d - 6*d + 56 - 39. What is the hundreds digit of q(28)?
5
Let y(h) be the first derivative of -h**4/4 - 5*h**3 + 6*h**2 - 19*h - 503. Let u be 8/6*(-1 + -11). What is the units digit of y(u)?
5
Let l be 19/(57/(-18)) - (-6 - 3). Let x(b) = 25*b**3 - b**2 - 2*b - 7. What is the tens digit of x(l)?
5
Suppose 21910 = 23*i - 62825 + 18104. What is the hundreds digit of i?
8
Let u(f) = 4*f - 8 + 0 + 5*f + f**2 + 3. Let z be u(-10). What is the units digit of ((-1)/(-3)*-17)/(z/(-90))?
2
Let n = 61 + -106. Suppose -2*z = -4*i - 243 + 25, 371 = 4*z + 5*i. Let x = z + n. What is the units digit of x?
4
Let x = 33 - -9. Suppose -2 + x = 5*c. Suppose -c*s - 430 = -2118. What is the units digit of s?
1
Suppose 2*q - 11*j + 7*j = 8122, 0 = -9*q - 4*j + 36681. What is the thousands digit of q?
4
What is the thousands digit of (-602607)/(-15) + 840/(-1050)?
0
Let p = 287 - 272. Suppose 0 = -p*t + 3955 + 3605. What is the hundreds digit of t?
5
Let k = -208 - -253. Suppose -30*x + k*x = 2190. What is the units digit of 